{"version":"1.0","provider_name":"arxiversvalencians.org","provider_url":"https:\/\/arxiversvalencians.org\/es\/","author_name":"VDifusio","author_url":"https:\/\/arxiversvalencians.org\/es\/author\/vdifusio\/","title":"Archivo Municipal de X\u00e0bia #NuestrosArchivos - arxiversvalencians.org","type":"rich","width":600,"height":338,"html":"<blockquote class=\"wp-embedded-content\" data-secret=\"iSwXFy0woU\"><a href=\"https:\/\/arxiversvalencians.org\/es\/archivo-municipal-monforte-del-cid-nuestrosarchivos-2\/\">Archivo Municipal de X\u00e0bia #NuestrosArchivos<\/a><\/blockquote><iframe sandbox=\"allow-scripts\" security=\"restricted\" src=\"https:\/\/arxiversvalencians.org\/es\/archivo-municipal-monforte-del-cid-nuestrosarchivos-2\/embed\/#?secret=iSwXFy0woU\" width=\"600\" height=\"338\" title=\"\u00abArchivo Municipal de X\u00e0bia #NuestrosArchivos\u00bb \u2014 arxiversvalencians.org\" data-secret=\"iSwXFy0woU\" frameborder=\"0\" marginwidth=\"0\" marginheight=\"0\" scrolling=\"no\" class=\"wp-embedded-content\"><\/iframe><script type=\"text\/javascript\">\n\/* <![CDATA[ *\/\n\/*! This file is auto-generated *\/\n!function(d,l){\"use strict\";l.querySelector&&d.addEventListener&&\"undefined\"!=typeof URL&&(d.wp=d.wp||{},d.wp.receiveEmbedMessage||(d.wp.receiveEmbedMessage=function(e){var t=e.data;if((t||t.secret||t.message||t.value)&&!\/[^a-zA-Z0-9]\/.test(t.secret)){for(var s,r,n,a=l.querySelectorAll('iframe[data-secret=\"'+t.secret+'\"]'),o=l.querySelectorAll('blockquote[data-secret=\"'+t.secret+'\"]'),c=new RegExp(\"^https?:$\",\"i\"),i=0;i<o.length;i++)o[i].style.display=\"none\";for(i=0;i<a.length;i++)s=a[i],e.source===s.contentWindow&&(s.removeAttribute(\"style\"),\"height\"===t.message?(1e3<(r=parseInt(t.value,10))?r=1e3:~~r<200&&(r=200),s.height=r):\"link\"===t.message&&(r=new URL(s.getAttribute(\"src\")),n=new URL(t.value),c.test(n.protocol))&&n.host===r.host&&l.activeElement===s&&(d.top.location.href=t.value))}},d.addEventListener(\"message\",d.wp.receiveEmbedMessage,!1),l.addEventListener(\"DOMContentLoaded\",function(){for(var e,t,s=l.querySelectorAll(\"iframe.wp-embedded-content\"),r=0;r<s.length;r++)(t=(e=s[r]).getAttribute(\"data-secret\"))||(t=Math.random().toString(36).substring(2,12),e.src+=\"#?secret=\"+t,e.setAttribute(\"data-secret\",t)),e.contentWindow.postMessage({message:\"ready\",secret:t},\"*\")},!1)))}(window,document);\n\/* ]]> *\/\n<\/script>\n","thumbnail_url":"https:\/\/arxiversvalencians.org\/wp-content\/uploads\/2020\/05\/entrada-archivo-municipal-javea-770x486.jpg","thumbnail_width":770,"thumbnail_height":486,"description":"Denominaci\u00f3n: Archivo Municipal de X\u00e0bia. Breve descripci\u00f3n: Las guerras y saqueos sufridos en la Villa desde el siglo XVIII hasta las revueltas de 1936, son la causa de que al Archivo de X\u00e0bia le falte buena\u00a0 parte de la documentaci\u00f3n. El peor episodio lo sufri\u00f3 el 16 de agosto de 1936.. Fechas extremas: Exceptuando algunos [&hellip;]"}

Archivo Municipal de Xàbia #NuestrosArchivos - arxiversvalencians.org

<blockquote class="wp-embedded-content" data-secret="iSwXFy0woU"><a href="https://arxiversvalencians.org/es/archivo-municipal-monforte-del-cid-nuestrosarchivos-2/">Archivo Municipal de Xàbia #NuestrosArchivos</a></blockquote><iframe sandbox="allow-scripts" security="restricted" src="https://arxiversvalencians.org/es/archivo-municipal-monforte-del-cid-nuestrosarchivos-2/embed/#?secret=iSwXFy0woU" width="600" height="338" title="«Archivo Municipal de Xàbia #NuestrosArchivos» — arxiversvalencians.org" data-secret="iSwXFy0woU" frameborder="0" marginwidth="0" marginheight="0" scrolling="no" class="wp-embedded-content"></iframe><script type="text/javascript">
/* <![CDATA[ */
/*! This file is auto-generated */
!function(d,l){"use strict";l.querySelector&&d.addEventListener&&"undefined"!=typeof URL&&(d.wp=d.wp||{},d.wp.receiveEmbedMessage||(d.wp.receiveEmbedMessage=function(e){var t=e.data;if((t||t.secret||t.message||t.value)&&!/[^a-zA-Z0-9]/.test(t.secret)){for(var s,r,n,a=l.querySelectorAll('iframe[data-secret="'+t.secret+'"]'),o=l.querySelectorAll('blockquote[data-secret="'+t.secret+'"]'),c=new RegExp("^https?:$","i"),i=0;i<o.length;i++)o[i].style.display="none";for(i=0;i<a.length;i++)s=a[i],e.source===s.contentWindow&&(s.removeAttribute("style"),"height"===t.message?(1e3<(r=parseInt(t.value,10))?r=1e3:~~r<200&&(r=200),s.height=r):"link"===t.message&&(r=new URL(s.getAttribute("src")),n=new URL(t.value),c.test(n.protocol))&&n.host===r.host&&l.activeElement===s&&(d.top.location.href=t.value))}},d.addEventListener("message",d.wp.receiveEmbedMessage,!1),l.addEventListener("DOMContentLoaded",function(){for(var e,t,s=l.querySelectorAll("iframe.wp-embedded-content"),r=0;r<s.length;r++)(t=(e=s[r]).getAttribute("data-secret"))||(t=Math.random().toString(36).substring(2,12),e.src+="#?secret="+t,e.setAttribute("data-secret",t)),e.contentWindow.postMessage({message:"ready",secret:t},"*")},!1)))}(window,document);
/* ]]> */
</script>

Denominación: Archivo Municipal de Xàbia. Breve descripción: Las guerras y saqueos sufridos en la Villa desde el siglo XVIII hasta las revueltas de 1936, son la causa de que al Archivo de Xàbia le falte buena  parte de la documentación. El peor episodio lo sufrió el 16 de agosto de 1936.. Fechas extremas: Exceptuando algunos [&hellip;]
